 - 95, o + 2*v = k. What is the highest common divisor of o and 69?
23
Suppose -12 = 3*h - 111. Let m(z) = 3*z**2 + 49*z - 290. Let r be m(5). Suppose -h*w = -r*w - 30. Calculate the highest common divisor of 10 and w.
10
Suppose 0 = 134*i - 113*i - 42. Let u(o) = 32*o**3 + 2*o**2 + 2*o - 2. Let k be u(i). Calculate the highest common factor of k and 14.
14
Let d(t) = 12*t + 17. Let s be 0 + (4 - 1)/(-3). Let i(w) = -w. Let z(l) = s*d(l) - 6*i(l). Let k be z(-6). Calculate the greatest common factor of 76 and k.
19
Let f(t) = 9 - 1 + 2*t + 28 - 2. Let p be f(-16). Suppose 0 = -0*b + 4*b + q - 109, -2*b = p*q - 50. What is the highest common factor of b and 84?
28
Suppose 2*k + 2056*h = 2054*h + 2572, 2*k - 2516 = 5*h. Calculate the highest common divisor of k and 568.
142
Let a be (-3 - (-239 + 4)) + 4. Suppose 19*s - a = 68. Calculate the highest common divisor of s and 68.
4
Let g(b) = b**3 - 5*b**2 - 14*b + 79. Let y be g(5). Calculate the highest common divisor of y and 387.
9
Let f be (-3 + -7)*(-9 + -41). Calculate the highest common divisor of f and 1125.
125
Let m be (5/(-2))/(20/(-24)) + 40. Let k be 3/1 + m + -41. What is the greatest common factor of 60 and k?
5
Suppose -5*l - 920 = w + 207, 0 = -3*w + 9. Let q = l - -402. Calculate the highest common factor of 44 and q.
44
Suppose 4*p + 0*p = -2*g + 596, -5*p = 3*g - 897. Suppose -56*s + 606 = -458. What is the greatest common divisor of g and s?
19
Let n be (-1960)/(-49)*((-3)/(-4) + (-98)/(-8)). Calculate the greatest common divisor of 1768 and n.
104
Suppose -12*y + 0*y = 2*y. Let s be (y + 0 - 418/22)*-1. Calculate the greatest common factor of 76 and s.
19
Let q = 2 - -28. Suppose -d + 700 = 13*d. Calculate the highest common divisor of d and q.
10
Suppose 0 = q + 4*k - 103, -q = -3*k - 0 - 82. Let r(l) = -46*l + 1785. Let w be r(40). Let n = q + w. What is the highest common factor of n and 4?
4
Let h = 311 - 175. Suppose 4*n + 5*p - 42 = 0, 0 = 773*n - 778*n + p + 38. Calculate the greatest common divisor of h and n.
8
Let n be (-20 - 0)*(-8 + (-310)/(-40)). Let l be (n - -1)*(-529)/(-69). Calculate the highest common divisor of l and 368.
46
Let i(j) = -19*j**2 - 16*j - 1. Let r(o) = -18*o**2 - 14*o. Let w(c) = 5*i(c) - 6*r(c). Let t be w(1). What is the greatest common factor of 4 and t?
4
Let f be (((-2)/(-12))/(5/(-1905)))/(2/(-76)). Calculate the greatest common divisor of f and 57.
19
Suppose 0 = -22*b + 8204 + 2708. Calculate the greatest common divisor of b and 1296.
16
Let n be -7 - (1 + (1 - 7) + 2). Let d be 62/n*-2 - (0 + -2). Suppose -v + 3*v = -3*s + d, -3*v + s = -66. Calculate the highest common factor of 63 and v.
21
Let d be 3 + (2/3)/(3/(-36)). Let h be -9 + 322/35 - 109/d. What is the highest common factor of 121 and h?
11
Suppose -4*j = 5*m - 1507, -19*j + 879 = 3*m - 25*j. Calculate the greatest common divisor of m and 364.
13
Let q = 356 - 333. Suppose 10*u - q = -3*s + 9*u, -s + 4*u = 14. Calculate the greatest common factor of s and 294.
6
Suppose o - 459 = 11 + 626. What is the greatest common factor of o and 2329?
137
Suppose -3*m = 8 - 44. Suppose p - m = 3*p. Let y be (-3)/5 - p/30*318. Calculate the greatest common divisor of y and 9.
9
Let w be -3 + -1 + 45 + -2. Suppose 5714 = 55*o - 42960 - 2806. What is the highest common divisor of o and w?
39
Suppose -4*k - 4*h = -12, k + 2*h = -h - 1. Suppose 2*g = -3*l + 6*l + 199, -k*g = -5*l - 490. What is the highest common divisor of g and 5?
5
Let u be (-303026)/(-927) - (6/(-27))/2. Calculate the highest common divisor of 872 and u.
109
Let w = -38 - -40. Let d(r) = -2*r - 12. Let t be (-1)/(-1)*(-96)/6. Let z be d(t). Calculate the greatest common factor of z and w.
2
Suppose 4*l + 16 = 0, 8*l = -4*p + 4*l + 2816. Suppose 21*g = 678 + p. Calculate the greatest common factor of g and 1188.
66
Let v(o) = o**3 + 24*o**2 - 83*o - 48. Let m = 357 - 384. Let c be v(m). Calculate the highest common divisor of c and 24.
6
Suppose 0 = -4*c - i + 6, -2*i + i = c. Let q(m) = 173*m + 1744. Let k be q(-10). What is the greatest common factor of k and c?
2
Let q = -24891 - -27994. Calculate the greatest common divisor of 1926 and q.
107
Let m(o) = 122*o**2 + 6*o + 2. Let z be m(-1). Suppose -1050 = 113*c - z*c. What is the greatest common divisor of c and 245?
35
Let v(u) = -u**3 - 38*u**2 + 73*u - 46. Let a be v(-40). Let c be ((-2)/(-3))/(12/a). What is the greatest common divisor of c and 2?
1
Let a be 1/1*(-320 - -321). Let b(x) = -x**2 + x + 17. Let h be b(0). Suppose 3*t = 41 - h. What is the greatest common divisor of t and a?
1
Let t(x) = x**2 - 9*x - 759. Let f be t(-29). Calculate the highest common factor of f and 11.
1
Let p be -7*(0/1 - 198/231). Suppose 5*w - 17 = -6*r + 4*r, -w = -3*r. Suppose q - w = p. Calculate the greatest common divisor of 9 and q.
9
Suppose -8*k + 77 = 4*b - 75, 161 = 4*b - k. Suppose 3*o = -0 - 6. Let u(h) = -3*h - 1. Let n be u(o). What is the greatest common divisor of n and b?
5
Suppose 5*h - d - 157 = 0, 0 = -2*d + 4 + 2. Suppose h = s + 20. Calculate the greatest common factor of 372 and s.
12
Let l be 0 - (15/25 - 146/10). Suppose u + i - l = 0, -i + 4 = 1. What is the greatest common factor of u and 44?
11
Suppose 561 - 361 = 4*l. Calculate the highest common factor of l and 1325.
25
Let n(k) = 11*k + 19. Let m be n(13). Let z be m/8 + 6/(-24). Let w be (-16)/(-56) - (-828)/42. Calculate the highest common factor of w and z.
20
Let f be ((-3)/((-2 + 1)/(-371)))/((-10)/10). Calculate the greatest common factor of 583 and f.
53
Let x(w) be the second derivative of 1/2*w**3 - 4*w**2 + 0 + 23*w + 1/12*w**4. Let b be x(-5). Calculate the highest common factor of 2 and b.
2
Let s(j) = 2*j**2 - 26*j + 32. Let m be s(14). Let z be m + -54 - (-1 + -54). Calculate the greatest common divisor of z and 671.
61
Suppose 5*p = -10, 0 = -8*q + 14*q + p - 34750. Calculate the highest common factor of 32 and q.
32
Let l be (26/((-26)/19))/((-1)/3). What is the greatest common factor of 34257 and l?
57
Let x = -11742 + 11754. Calculate the highest common divisor of 2598 and x.
6
Suppose -5034*u + p - 75 = -5038*u, -5*p = -2*u + 21. Calculate the greatest common divisor of 85518 and u.
18
Let a = 32 + -30. Suppose -4*u - 898 = -f, 0 = -3*u + 3*f - a*f - 674. Let s be ((-1)/(-2))/((36/u)/(-9)). Calculate the greatest common factor of 21 and s.
7
Let b be (-1 + 0)*-1 - -2. Let z(p) = -p**2 + 7*p. Let s be z(7). Suppose s = 95*o - 90*o - 135. Calculate the highest common factor of o and b.
3
Let w be (3 - 5) + 0/2. Let s be 2*(w - (-375)/6). Suppose 2*h - 34 = 4*c, 30 + 9 = 3*h - 2*c. Calculate the greatest common factor of s and h.
11
Suppose 0 = -204*k + 297024 + 73644. What is the greatest common factor of 69 and k?
23
Suppose -20*t = -13*t - 12012. Suppose 52*n + t = 55*n. Calculate the highest common factor of 52 and n.
52
Let h = -7315 - -7340. Calculate the highest common divisor of h and 34875.
25
Let u = -155933 - -155981. Let b(q) = q**3 + 1 + 2*q + 0*q**2 + 0 + 6*q**2. Let y be b(-5). Calculate the greatest common factor of u and y.
16
Let n(s) = s**2 - 8*s - 124. Suppose 36 = -5*i - z - 2, 3*z = -2*i - 10. Let y be n(i). Calculate the highest common factor of y and 36.
4
Suppose 4 = 2*c - 24. Let r = -222 + 223. Let k be -3 - (1 - r) - (-24)/1. Calculate the highest common divisor of c and k.
7
Let t(z) = 2*z + 12. Let r be t(-4). Let p be (r - -1) + (19 - 19). Let h be (-216)/(-40) - p - (-8)/5. Calculate the greatest common divisor of h and 2.
2
Let d be 0/(-2 + 2 + 1). Suppose d = 4*x - 9*x + 25. Suppose -3*f - 2*v - 3*v = -105, -4*f + 140 = v. Calculate the greatest common factor of x and f.
5
Let h(r) = -r**2 - 7*r - 5. Let o be h(-2). Suppose g + g = 5*k - 133, -2*k - g + 55 = 0. Let x be (25/15)/1*k. What is the greatest common factor of o and x?
5
Suppose 0 = j + 5*z - 134, j - 340*z + 341*z - 142 = 0. Calculate the highest common divisor of 1200 and j.
48
Let u(h) = 242*h**2 + 128*h + 2. Let g be u(-1). What is the highest common factor of 1943 and g?
29
Let f be 4/18 + 20/(-90). Suppose f = -10*u + 25*u - 480. Calculate the greatest common divisor of 1 and u.
1
Let s(p) be the second derivative of -p**5/20 + 25*p**4/12 + 4*p**3 + 89*p**2/2 + 16*p - 8. Let g be s